late the remainder when 7 is divided by q.
0
Let n(y) = -y**3 + 2*y**2 + 4*y + 2. What is the remainder when 57 is divided by n(-2)?
7
Let o = -24 - -112. Calculate the remainder when o is divided by 18.
16
Let k(s) = 5*s + 34. Let g(j) = -3*j - 23. Let l(r) = 7*g(r) + 5*k(r). Calculate the remainder when l(8) is divided by (-2)/(-1 + -1) + 13.
13
Let z(n) = -n**2 - 9*n + 17. What is the remainder when 115 is divided by z(-9)?
13
Let u = -84 + 128. Calculate the remainder when 85 is divided by u.
41
Suppose 10*x - 5*x - 145 = 0. Let l(g) be the second derivative of g**4/6 - g**3/6 - 2*g. What is the remainder when x is divided by l(3)?
14
Let m = 14 + 23. Calculate the remainder when 106 is divided by m.
32
Suppose -2*a = 6 - 22. Let z = 30 + -16. Calculate the remainder when z is divided by a.
6
Let o = 24 + -16. Let w(x) = 3*x**2 - x. Let j be w(1). Suppose 5*k - 42 = j*k. Calculate the remainder when k is divided by o.
6
Let b(y) = 3*y - 1. Let p be b(5). Suppose 79 = 5*l + p. Suppose -201*g = -202*g + 7. Calculate the remainder when l is divided by g.
6
Let z = 17 - 14. What is the remainder when 9 is divided by z?
0
Suppose 3*l = -12, 59 = 4*p + 2*l - 41. Calculate the remainder when p is divided by 14.
13
Calculate the remainder when (32/(-6))/((-3)/36) is divided by 22.
20
Suppose -5*r + 2*r + 15 = 0. What is the remainder when (-4)/(-2)*(-75)/(-6) is divided by (-1 - -7) + 15/r?
7
Suppose -4*o = -3*o - 13. Suppose 3*h - 4*h = 4*n + 5, 5*h = -5*n - 25. Let u = n - -38. Calculate the remainder when u is divided by o.
12
Let b = -13 - -25. What is the remainder when 44 is divided by b?
8
Let s be 9/3 + 11 + 0. Suppose -2*q = 4 - s. Calculate the remainder when 18 is divided by q.
3
Let p(x) = -19*x. Suppose 3*l + 0 = -3. Calculate the remainder when p(l) is divided by 10.
9
Suppose 4*u - 391 = 3*b, -287 = -3*u - 0*u - 4*b. Let k(i) = -4*i**3 + i**2 + 13*i + 23. Calculate the remainder when u is divided by k(-2).
31
Let t = 276 + -100. Let r = t - 106. Calculate the remainder when r is divided by 18.
16
Let v(t) = 7*t**2 - 2*t - 2. Calculate the remainder when v(2) is divided by 8.
6
Let d be (-1)/(1 + (-4)/3). Suppose -46 = -5*c - 3*q, c - 4*c + 18 = -d*q. Calculate the remainder when 15 is divided by c.
7
Suppose 0 = -2*d - s + 47, 0 = -0*s + 5*s + 5. What is the remainder when 47 is divided by d?
23
Let r = -72 + 117. What is the remainder when r is divided by 16?
13
Let r = 42 + -25. What is the remainder when 64 is divided by r?
13
Let s(a) = -a**3 - 6*a**2 - a + 6. What is the remainder when s(-6) is divided by 5?
2
Let t = 2 - -40. Let x(b) = -b**3 + 6*b**2 - 2*b + 3. Let i be x(6). Let j = 6 - i. What is the remainder when t is divided by j?
12
Suppose 4*m - 200 = 40. Suppose l + 42 = 3*l. What is the remainder when m is divided by l?
18
Suppose 27 = 3*n + 2*z, -n - 5*z + 1 = -3*n. What is the remainder when (-8)/(-6)*3*3 is divided by n?
5
Let d = -80 + 116. Let j = -693 + 706. What is the remainder when d is divided by j?
10
Suppose -4*q + 4*x + 16 = 0, 31 = 7*q - 3*q + x. Let b = -17 - -35. What is the remainder when b is divided by q?
4
Let r = 16 + -102. Let q = -60 - r. What is the remainder when q is divided by 0 + (1 - 1 - -14)?
12
Let x = -58 - -75. Calculate the remainder when x is divided by 6.
5
Suppose -4*i = 6 - 26. Let t(n) = -n - 9. Let a be t(0). Let r = 12 + a. What is the remainder when i is divided by r?
2
Calculate the remainder when 25 is divided by 660/50 + (-2)/10.
12
Suppose -2*t - 6*i + 15 = -3*i, -t - 4*i = -15. Suppose -t*h = -27 - 45. What is the remainder when 94 is divided by h?
22
Let g be 24/5 + (-5)/(-25). Suppose 58 = -g*u + 243. Suppose -19 = -4*v + u. What is the remainder when v is divided by 4?
2
Let s(b) = 6 + 2 + 2*b + 1. What is the remainder when 72 is divided by s(8)?
22
Let h(z) = z**3 + 5*z**2 + 7*z + 4. Let g(f) = f**3 + 5*f**2 - 7*f - 5. What is the remainder when g(-6) is divided by h(-3)?
0
Let z(g) = 13*g**3 - g**2 + 1. Suppose 3 = -0*q + 3*q. What is the remainder when 25 is divided by z(q)?
12
Let f(a) = a**3 - 8*a**2 - 9*a + 3. Let v(y) = -3*y. Let g be v(-3). Let l be f(g). Let j = l + 4. Calculate the remainder when j is divided by 5.
2
Let g(s) = 5*s + 63. Calculate the remainder when g(7) is divided by 17.
13
Let n = 50 - 32. Calculate the remainder when 25 is divided by n.
7
Let l = 21 - 11. Let o = -198 + 227. What is the remainder when o is divided by l?
9
Suppose -4*p + 4*r = -32, 2*p + 0*p - 4*r = 12. Calculate the remainder when p is divided by 3.
1
Suppose -2*t - t + 6 = 0. Calculate the remainder when 3/(-3) - t*-1 is divided by 1.
0
Suppose -5 = -3*k + t + 12, -5*k = 3*t - 33. Let c be (12/(-5))/(2/(-10)). Suppose -2*b + 20 = -c. What is the remainder when b is divided by k?
4
Suppose -4*d = -8*d + 120. What is the remainder when 87 is divided by d?
27
Suppose 0*n = -n + 10. Let m(d) = 2*d**3 - 5*d**2 + 3*d. What is the remainder when m(3) is divided by n?
8
Let z(v) be the first derivative of -v**2/2 - v - 3. What is the remainder when 38 is divided by z(-14)?
12
Let p(b) = 4*b + 3. Let w(o) = 3*o + 3. Let g(m) = -2*p(m) + 3*w(m). Let v(z) = 25*z**3 + z**2 - z + 1. Calculate the remainder when v(1) is divided by g(6).
8
Let x be ((-15)/(-20))/(1/4). Suppose 9 = x*o - 3. Suppose o*r - r - 6 = 0. What is the remainder when 5 is divided by r?
1
Suppose -53 = -4*j + d, 7*j - 4*d = 2*j + 69. Suppose -2*l = -j - 17. What is the remainder when l is divided by 4?
3
Suppose -252 = -2*j - 70. What is the remainder when j is divided by 31?
29
Let z = 450 - 440. Suppose -2*l + 5*l - 4*q - 28 = 0, -l + 2*q + 12 = 0. What is the remainder when z is divided by l?
2
Let r be -12*(-3)/18*2. Suppose 4*k - 28 = -r*y, -3*k - 2 + 19 = 2*y. What is the remainder when 5 is divided by k?
2
Let o = 2 - 2. Suppose 0 = -o*j - j + 29. What is the remainder when j is divided by 16?
13
Suppose 0 = -2*h - 0*h + 2. Let b(o) = 13*o - 1. Let u be b(h). Let s = u - 8. Calculate the remainder when 7 is divided by s.
3
Suppose -8*k - 240 = -13*k. What is the remainder when k is divided by 17?
14
Suppose j + 1 = 4*p + 20, 0 = 2*j - 3*p - 33. Calculate the remainder when j is divided by 9.
6
Suppose -5*j = 3*m - 34, -2*j - 3*m = 4 - 14. Let b(i) = i**3 + 2*i**2 + 4*i + 3. Let w be b(-2). Let h = w + j. Calculate the remainder when 7 is divided by h.
1
What is the remainder when (-7 - -1)*(-1)/3 is divided by 1?
0
Suppose -44 = -v - 17. Let c = -18 + v. Suppose 5*i - 74 = -c. What is the remainder when i is divided by 5?
3
Suppose -2*l = -4*o - 222, 0*l - l + 109 = -4*o. Calculate the remainder when l is divided by 29.
26
Suppose -3*j - f = -106, 2*f + 2*f = -5*j + 179. Suppose 0 = -0*p + 2*p - 5*s - j, -s = 3. Calculate the remainder when 19 is divided by p.
9
Let n(l) = -3*l**3 - 5*l**2 - 3*l - 9. What is the remainder when 104 is divided by n(-3)?
32
Suppose 0 = 5*b + 5*z - 3*z - 109, -2*z - 38 = -2*b. What is the remainder when 166 is divided by b?
19
Suppose 0*q - 4*q + 8 = 0. Suppose q*v - 231 = -5*i, 2*v - 3*v + 98 = -i. What is the remainder when v is divided by 26?
25
Let f = -4 - -6. Let n(w) = 4*w**3 - 2*w**2 - 3*w + 3. Calculate the remainder when n(f) is divided by 6.
3
Suppose 5*u - 29 = -h, -2*h - u + 6 = -7. Suppose 2 + h = 3*w. Let z(v) = -v**2 - 11*v + 1. What is the remainder when w is divided by z(-11)?
0
Let k = 57 + -41. Let q(p) = -p**2 - 4*p + 61. Calculate the remainder when q(0) is divided by k.
13
Let h = -4 + 8. Let z be (-243)/(-5) + h/10. Suppose 16 + z = 5*q. Calculate the remainder when 25 is divided by q.
12
Let v = -66 - -142. Calculate the remainder when v is divided by 7.
6
Let i(x) = -x**2 - 11*x + 4. Suppose -2*k - 11 = 11. Let n(z) = 6*z**2 + 55*z - 20. Let c(q) = k*i(q) - 2*n(q). What is the remainder when c(7) is divided by 9?
6
Let b(h) = h**3 - 11*h**2 + 8*h + 23. Calculate the remainder when 11 is divided by b(10).
2
Let y(f) = -f**3 - f + 21. Let n be y(0). Suppose n = 2*u + 3*j, 2*j + 3 = u + 10. Suppose u*g - 1 = 2. What is the remainder when g is divided by 1?
0
Let f(j) = -5*j + 2. Suppose 4*y = -2 - 18, 0 = -5*s + 4*y + 30. Suppose 3*o + 12 = -s*r, -2*r + 4*o = o. What is the remainder when f(r) is divided by 9?
8
Let s(m) = m + 9. What is the remain